ultiple of 8?
True
Suppose -94 = -3*w - b, 0 = 2*w - 3*w + 5*b + 10. Let a = -10 + w. Is 5 a factor of a?
True
Let d(n) = -n**3 + 14*n**2 + 5*n - 5. Let l be d(14). Let h = l - 26. Does 17 divide h?
False
Let o(t) = 8*t + 6. Let k be o(7). Suppose 3*f + 73 = 8*f - 2*y, -2*y + k = 4*f. Is f a multiple of 7?
False
Let y(j) = -3*j + 2. Let k be y(-6). Let h = k - -13. Does 12 divide h?
False
Let r = 74 + -26. Does 8 divide r?
True
Suppose 0 = 2*l, -2*l = -2*m + 7*m. Suppose m = 3*f - 6*f + 54. Is f a multiple of 9?
True
Let j = 60 + -57. Does 3 divide j?
True
Let j(c) = -64*c. Let l be j(1). Suppose 0 = 3*u - u + 72. Let w = u - l. Is 11 a factor of w?
False
Suppose 2*s = s + 3*j + 24, 2*s = -2*j + 48. Does 6 divide s?
True
Suppose 5*f + z - 440 = 0, -3*f + 4*z + 236 = -z. Is f a multiple of 19?
False
Suppose -4*w + 0*j - 1 = 3*j, -5 = 5*w + 5*j. Suppose -2 = -2*q + 2*o, -2*q - 5*o + w = 7. Suppose q*k = -4*k + 52. Does 13 divide k?
True
Let w = 29 + 3. Does 16 divide w?
True
Let d = -7 + 10. Suppose 109 = 4*z - d. Is 14 a factor of z?
True
Let d = 24 - 15. Is d a multiple of 2?
False
Let f be 7 + (-1)/(-1)*-1. Let t be (-51)/(-17) + -1 + -2. Suppose o + 2*o - f = t. Is o a multiple of 2?
True
Let l be 200/30*(-12)/(-10). Suppose j - l - 2 = 0. Is j a multiple of 10?
True
Let z = -13 - -7. Let d be 2/z - (-10)/(-6). Is 2 a factor of d/((-3)/((-18)/(-4)))?
False
Let w(v) = -v**3 + 3*v**2 + v - 3. Let d be w(3). Let l = -5 + d. Let h = l - -7. Is 2 a factor of h?
True
Let c(p) = p + 1 - 3 + 10*p. Is c(2) a multiple of 10?
True
Let d be 0 - (5 - 2 - -5). Let p(g) = -g**3 - 9*g**2 - 9*g + 9. Does 17 divide p(d)?
True
Let r(u) = 59*u**2 - 3*u + 2. Does 19 divide r(1)?
False
Suppose -4*m - 2*v + 20 = 0, -3*m + 20 = -0*v + 4*v. Suppose i - 13 = 2*p - m*p, -17 = -3*p - i. Is 4 a factor of p?
True
Let l(q) = q**3 - 4*q**2 - 5*q - 1. Let a be l(5). Let w be (-1 - (0 + a))*-1. Suppose w*v = -v + 5. Does 2 divide v?
False
Suppose 3*g + 26 = g - 5*q, 5*g = -5*q - 50. Let r = g + 11. Suppose -r*v = -44 + 2. Is 14 a factor of v?
True
Is ((-5)/(10/74))/(-1) even?
False
Suppose -132 = -3*v + v - 5*b, 2 = b. Let g = 108 - v. Does 12 divide g?
False
Let m = 11 + -12. Let w(v) = -39*v**3 - v - 1. Does 13 divide w(m)?
True
Let h = 106 - 52. Is 18 a factor of h?
True
Is (-9 - -2)*(-15 + -3) a multiple of 30?
False
Does 12 divide -72*7/(21/(-2))?
True
Suppose 0 = 10*k - 52 - 78. Is k even?
False
Suppose 0 = -2*o - o - 5*c + 42, 3 = 2*o - 5*c. Is 2 a factor of o?
False
Suppose -3*g + 4*g = 90. Does 5 divide g?
True
Let w(s) be the third derivative of -s**4/12 - 7*s**3/3 + s**2. Let a be 4/(-1 - 6/(-10)). Does 6 divide w(a)?
True
Let l(h) = -1 - 4*h - 3 - h - 1. Does 15 divide l(-4)?
True
Let s(b) = -b**3 - 6*b**2 + b + 3. Let y be s(-5). Let x = 3 - y. Is x a multiple of 15?
True
Suppose 0 = 3*d - 4*p + p, 0 = -d - 3*p. Let f = 6 + d. Suppose i - 9 - f = -5*v, 16 = -v - 4*i. Is v even?
True
Suppose 2*u - 2 = 2*l - 60, -l + 23 = 5*u. Is 7 a factor of l?
True
Let t be (-45)/(-12)*1*-4. Is 8 a factor of (-3)/5 - 159/t?
False
Let k be (-3 + 2)*-3 - 1. Suppose n - 3*l - 15 = 0, n = -k*l + 6*l + 20. Is (3 - 4)*(-3 - n) a multiple of 2?
False
Let z(o) = o**2 + 16*o - 7. Let s be z(-14). Let w = s - -75. Does 31 divide w?
False
Let k(f) = -4*f**3 - 2*f**2 - f + 1. Does 8 divide k(-3)?
False
Let d(m) = 2*m**2 + m - 14 + 31 - 21. Suppose 2*b + 0*b = 8. Does 16 divide d(b)?
True
Let w be -1 - ((-2)/(-1) - 1). Let l be w/2 - (-2 - 51). Suppose 0 = -5*i + l + 28. Is 10 a factor of i?
False
Let n = 10 - -3. Let k(u) = -3*u**3 - u + 1. Let o be k(1). Let z = o + n. Is z a multiple of 5?
True
Suppose 0*y + 480 = 4*y. Suppose 4*q + 0*q - y = 0. Is 10 a factor of q?
True
Suppose 0 = 2*h - 8, 190 + 138 = 4*u - 3*h. Does 27 divide u?
False
Suppose -3*m + 614 = 3*d - 4*m, 212 = d - 4*m. Suppose -d = 2*i - 5*i. Is 15 a factor of i?
False
Is 34 a factor of (2 + 1)*(-4 + 637/21)?
False
Suppose -59 - 61 = -5*a. Is 7 a factor of a?
False
Let d be (-23)/(-3) + (-2)/3. Suppose n - 9 = -d*f + 4*f, n + 4*f - 13 = 0. Let v(x) = -3*x + 2. Does 11 divide v(n)?
True
Let c = -4 + 2. Let a be 1/2*(c + 2). Let r(u) = u + 29. Is 12 a factor of r(a)?
False
Let v(x) = -2*x + 8. Let d be v(-9). Let n = d - -7. Is n a multiple of 13?
False
Let p(o) = 1 - 3*o**3 + 7*o**3 + 41*o**3. Is p(1) a multiple of 23?
True
Suppose 9*i = -4*i + 2730. Is 33 a factor of i?
False
Let f be (2 + -1)*2*120. Suppose 8*i - 3*i - f = 0. Is i a multiple of 16?
True
Suppose 5*k = 3*k + 6. Suppose -6*i = -k*i - 18. Is 4 a factor of (i/1)/(-3) + 8?
False
Let t(c) = -30*c - 4. Let w be t(3). Let d = -6 - w. Suppose 3*g + u = 55 + 1, 5*g - u = d. Is 18 a factor of g?
True
Let s(p) = p**3 + 7*p**2 + p + 9. Suppose 5*a = -20 - 15. Let c be s(a). Suppose 46 = 3*x - 5*b, 5*b - 1 = -4*x + c. Does 7 divide x?
True
Suppose 5*w = 4*d - 337, -d + 76 = -2*w - 12. Is 13 a factor of d?
True
Does 6 divide (-693)/(-55) - (-3)/(-5)?
True
Let j = -17 + 56. Is j a multiple of 8?
False
Suppose 1596 = 15*f - f. Is f a multiple of 11?
False
Suppose -6*b = -5*b - 102. Is b a multiple of 17?
True
Let q = 54 - 10. Suppose -a - a + 4 = 0, -4*a = 2*f + q. Let d = -11 - f. Does 7 divide d?
False
Suppose -5*w - 221 - 186 = -3*m, 2*w - m = -162. Let x = 123 + w. Is 11 a factor of x?
True
Suppose 0 = -2*q - q + 225. Is q a multiple of 25?
True
Let i(a) = 31*a**3 + a**2 + a - 1. Is i(1) a multiple of 9?
False
Let a be ((-27)/3)/(-3) - 3. Suppose -g = -x - 28, -3*g - 44 = 5*x - 168. Let t = a + g. Is 13 a factor of t?
False
Let m(i) = -3 + 2*i**2 + 3*i - i**2 - 2. Suppose 5*d = 2*y + 10, -2*d + d + 24 = 4*y. Is m(d) a multiple of 9?
False
Let t = -35 + 70. Does 13 divide t?
False
Let o = -13 + 19. Let k be (o/4 - 2)*0. Suppose k = -6*r + r, -5*r = -3*y + 81. Is 14 a factor of y?
False
Suppose 0 = 4*u - 17 - 7. Is 6 a factor of u?
True
Suppose 6*s - s - 460 = 0. Suppose 5*r - t - t = 115, -4*r = 3*t - s. Is 12 a factor of r?
False
Let m(w) = -304*w. Let x be m(2). Let f be 4/26 + x/(-104). Let t = 25 - f. Is t a multiple of 15?
False
Let c = 28 - 56. Let g = -20 - c. Is 8 a factor of g?
True
Let t = -44 - -72. Does 7 divide t?
True
Let c be (-12 + 0)/2 + -2. Let b = c + 27. Is b a multiple of 11?
False
Suppose 0 = 3*a + a - 124. Is 31 a factor of a?
True
Let l be 3/(-9) + (-8)/(-6). Suppose 0 = -3*a - 6 - 9, -2*o - a = l. Does 2 divide o?
True
Is 0 + (-4)/22 + 2118/33 a multiple of 11?
False
Let s(t) = -t**3 + 3*t**2 - 4*t + 3. Let z be s(2). Does 2 divide (0 + 0 + z)*-9?
False
Let t = 45 - 7. Is 38 a factor of t?
True
Suppose -3*b + 4*b + 4 = -3*w, 0 = -3*b - 4*w - 2. Suppose 44 = -b*s + 3*s. Is 22 a factor of s?
True
Let q(m) be the first derivative of 2*m**3 + m**2 + m - 3. Does 6 divide q(-2)?
False
Is (-111)/(-6) - (-4)/(0 + 8) a multiple of 8?
False
Let o(h) = -h + 72. Does 3 divide o(24)?
True
Suppose h = -4*w - 9 - 11, -30 = 3*h + 2*w. Let y = h + 17. Let d(k) = 3*k - 7. Does 10 divide d(y)?
True
Suppose -5*i - 94 = -514. Does 28 divide i?
True
Let p = 0 + 0. Let b(m) = -4*m + 23. Let u(x) = 3*x - 22. Let y(a) = -4*b(a) - 5*u(a). Is 17 a factor of y(p)?
False
Let c(w) = 0 + 8 + 1 - 4*w + 0*w. Let d be c(7). Let v = -7 - d. Is 8 a factor of v?
False
Let i(b) = -b**2 - 25*b - 45. Is i(-19) a multiple of 37?
False
Is (-1)/(-4) - (-9636)/48 a multiple of 67?
True
Let z(y) = -2*y**3 + y**2 + y. Let l be z(-1). Suppose 3*g - 31 = -3*i - l*i, 4*i = 2*g - 28. Let q = g - 1. Is 4 a factor of q?
False
Suppose -2*d - 3*k = 4 - 1, d + 5*k = 2. Let u be d/6 - 18/4. Is 92/5 + 2/u a multiple of 9?
True
Let i be (-1270)/(-35) - (-4)/(-14). Is 16 a factor of 1341/i + 1/(-4)?
False
Suppose i = 5 - 1. Suppose 2*t - 3*k = -1, 9*t - 55 = i*t - 4*k. Is 7 a factor of t?
True
Suppose -3*m + 20 = -7*m. Let g(r) = -r**3 - 8*r**2 + 5*r - 2. Let d be g(m). Does 13 divide 1/(-2*3/d)?
False
Suppose 5*z + 0 = -k + 10, 24 = 5*k - z. Suppose -3 = -k*f + 2*m - 0*m, -5*f - m - 9 = 0. Is 13 a factor of 1/(f/(-2)) + 24?
True
Suppose -p - 28 = 2*n - 359, 5*n - 827 = -2*p. Is 60 a factor of n?
False
Let c be (42/(-35))/(2/(-415)). Suppose 3*i - 6*i + c = 0. Is i a multiple of 28?
False
Let j(a) = 11*a - 11. Is j(7) a multiple of 11?
True
Suppose -v = -5*s - 2*v + 13, v = -4*s + 11. Suppose 2*k =